{"id":225,"date":"2026-03-16T23:43:29","date_gmt":"2026-03-16T22:43:29","guid":{"rendered":"https:\/\/ispg-mannheim.de\/?page_id=225"},"modified":"2026-03-21T22:27:45","modified_gmt":"2026-03-21T21:27:45","slug":"institut-ispg-dynamikos","status":"publish","type":"page","link":"https:\/\/ispg-mannheim.de\/?page_id=225","title":{"rendered":"Institut ISPG, Dynamikos GmbH"},"content":{"rendered":"\n<h3 class=\"wp-block-heading\"><strong>\u00dcber das Institut<\/strong><\/h3>\n\n\n\n<p class=\"wp-block-paragraph\">Das Institut f\u00fcr Studien zur psychischen Gesundheit (ISPG) verbindet Forschung und Versorgung \u2013 mit dem Ziel, wissenschaftliche Erkenntnisse direkt f\u00fcr Patientinnen und Patienten nutzbar zu machen.<\/p>\n\n\n\n<p class=\"wp-block-paragraph\">Das ISPG wurde 2006 gegr\u00fcndet und ist ein Forschungsinstitut in freier Tr\u00e4gerschaft. Dem Institut ist eine psychiatrisch-psychotherapeutische Praxis angeschlossen, sodass Forschung und praktische Versorgung eng miteinander verzahnt sind.<\/p>\n\n\n\n<p class=\"wp-block-paragraph\">Ziel unserer Arbeit ist es, wissenschaftliche Erkenntnisse zu gewinnen und therapeutische Ans\u00e4tze zu f\u00f6rdern, die einen konkreten Nutzen f\u00fcr Patientinnen und Patienten haben.<\/p>\n\n\n\n<hr class=\"wp-block-separator has-alpha-channel-opacity\"\/>\n\n\n\n<h3 class=\"wp-block-heading\">Forschungsschwerpunkte<\/h3>\n\n\n\n<p class=\"wp-block-paragraph\">Der Schwerpunkt unserer Arbeit liegt auf der Fr\u00fcherkennung, Vorbeugung und Behandlung von Ged\u00e4chtnisst\u00f6rungen und Demenzerkrankungen.<\/p>\n\n\n\n<p class=\"wp-block-paragraph\">Diese Themen spiegeln sich sowohl in unserer Forschung als auch in unseren diagnostischen, pr\u00e4ventiven und therapeutischen Angeboten wider.<\/p>\n\n\n\n<hr class=\"wp-block-separator has-alpha-channel-opacity\"\/>\n\n\n\n<h3 class=\"wp-block-heading\"><strong>Interdisziplin\u00e4re Zusammenarbeit<\/strong><\/h3>\n\n\n\n<p class=\"wp-block-paragraph\">Am ISPG arbeiten verschiedene Fachrichtungen eng zusammen.<\/p>\n\n\n\n<p class=\"wp-block-paragraph\">Besondere Bedeutung haben dabei psychiatrische, psychotherapeutische, gerontologische sowie neuropsychologische Ans\u00e4tze, die gemeinsam in Forschung und Praxis eingebracht werden.<\/p>\n\n\n\n<hr class=\"wp-block-separator has-alpha-channel-opacity\"\/>\n\n\n\n<h3 class=\"wp-block-heading\"><strong>Institutsleitung<\/strong><\/h3>\n\n\n\n<p class=\"wp-block-paragraph\">Leiter des ISPG ist der Neurologe\/Psychiater und Psychotherapeut Prof. Dr. Georg Adler.<\/p>\n\n\n\n<p class=\"wp-block-paragraph\">Das Team besteht aus erfahrenen \u00c4rztinnen und \u00c4rzten, Psychologinnen und Psychologen sowie Studienassistenzen und wissenschaftlichen Mitarbeitenden.<\/p>\n\n\n\n<hr class=\"wp-block-separator has-alpha-channel-opacity\"\/>\n\n\n\n<h3 class=\"wp-block-heading\"><strong>Kooperationen<\/strong><\/h3>\n\n\n\n<p class=\"wp-block-paragraph\">Das ISPG verf\u00fcgt \u00fcber ein breites Netzwerk im Gesundheitswesen. Dazu geh\u00f6ren Haus\u00e4rzte, niedergelassene Fach\u00e4rzte, Kliniken sowie therapeutische Einrichtungen.<\/p>\n\n\n\n<p class=\"wp-block-paragraph\">Eine enge Zusammenarbeit besteht mit der Alzheimer Gesellschaft Rheinland-Pfalz e.V., deren Vorstandsvorsitz Prof. Dr. Georg Adler seit 2012 innehat.<\/p>\n\n\n\n<hr class=\"wp-block-separator has-alpha-channel-opacity\"\/>\n\n\n\n<h3 class=\"wp-block-heading\"><strong>Tr\u00e4ger und F\u00f6rderer<\/strong><\/h3>\n\n\n\n<p class=\"wp-block-paragraph\">Tr\u00e4ger des ISPG ist die Dynamikos GmbH.<br><br>Studien und Projekte werden sowohl durch F\u00f6rdermittel als auch durch Eigenmittel finanziert. Zus\u00e4tzlich f\u00fchrt das Institut Forschungsprojekte im Auftrag externer Partner durch.<\/p>\n","protected":false},"excerpt":{"rendered":"<p>\u00dcber das Institut Das Institut f\u00fcr Studien zur psychischen Gesundheit (ISPG) verbindet Forschung und Versorgung \u2013 mit dem Ziel, wissenschaftliche Erkenntnisse direkt f\u00fcr Patientinnen und Patienten nutzbar zu machen. Das ISPG wurde 2006 gegr\u00fcndet und ist ein Forschungsinstitut in freier Tr\u00e4gerschaft. Dem Institut ist eine psychiatrisch-psychotherapeutische Praxis angeschlossen, sodass Forschung und praktische Versorgung eng miteinander [&hellip;]<\/p>\n","protected":false},"author":278465195,"featured_media":0,"parent":0,"menu_order":0,"comment_status":"closed","ping_status":"closed","template":"","meta":{"_crdt_document":"","advanced_seo_description":"","jetpack_seo_html_title":"","jetpack_seo_noindex":false,"footnotes":""},"class_list":["post-225","page","type-page","status-publish","hentry"],"jetpack_likes_enabled":true,"jetpack_sharing_enabled":true,"jetpack_shortlink":"https:\/\/wp.me\/Ph99Ml-3D","_links":{"self":[{"href":"https:\/\/ispg-mannheim.de\/index.php?rest_route=\/wp\/v2\/pages\/225","targetHints":{"allow":["GET"]}}],"collection":[{"href":"https:\/\/ispg-mannheim.de\/index.php?rest_route=\/wp\/v2\/pages"}],"about":[{"href":"https:\/\/ispg-mannheim.de\/index.php?rest_route=\/wp\/v2\/types\/page"}],"author":[{"embeddable":true,"href":"https:\/\/ispg-mannheim.de\/index.php?rest_route=\/wp\/v2\/users\/278465195"}],"replies":[{"embeddable":true,"href":"https:\/\/ispg-mannheim.de\/index.php?rest_route=%2Fwp%2Fv2%2Fcomments&post=225"}],"version-history":[{"count":4,"href":"https:\/\/ispg-mannheim.de\/index.php?rest_route=\/wp\/v2\/pages\/225\/revisions"}],"predecessor-version":[{"id":413,"href":"https:\/\/ispg-mannheim.de\/index.php?rest_route=\/wp\/v2\/pages\/225\/revisions\/413"}],"wp:attachment":[{"href":"https:\/\/ispg-mannheim.de\/index.php?rest_route=%2Fwp%2Fv2%2Fmedia&parent=225"}],"curies":[{"name":"wp","href":"https:\/\/api.w.org\/{rel}","templated":true}]}}